Dec 02 10:57:59.687 INFO testing winlog-0.2.1 against master#8940af3cea4a9a9deabcaf843b2f8cad9a83fc61 for beta-1.31-5
Dec 02 10:57:59.687 INFO running `"docker" "create" "-v" "/mnt/big/crater/work/local/target-dirs/beta-1.31-5/worker-7/master#8940af3cea4a9a9deabcaf843b2f8cad9a83fc61:/target:rw,Z" "-v" "/mnt/big/crater/work/local/test-source/worker-7/beta-1.31-5/master#8940af3cea4a9a9deabcaf843b2f8cad9a83fc61:/source:ro,Z" "-v" "/mnt/big/crater/work/local/cargo-home:/cargo-home:ro,Z" "-v" "/mnt/big/crater/work/local/rustup-home:/rustup-home:ro,Z" "-e" "USER_ID=1000" "-e" "SOURCE_DIR=/source" "-e" "USER_ID=1000" "-e" "CMD=cargo +8940af3cea4a9a9deabcaf843b2f8cad9a83fc61-alt build --frozen" "-e" "CARGO_TARGET_DIR=/target" "-e" "CARGO_INCREMENTAL=0" "-e" "RUST_BACKTRACE=full" "-e" "RUSTFLAGS=--cap-lints=warn" "-e" "CARGO_HOME=/cargo-home" "-e" "RUSTUP_HOME=/rustup-home" "-m" "1536M" "--network" "none" "crater"`
Dec 02 10:57:59.876 INFO [stdout] 66947a1d934fc5829f6a0ca3778be1d948f116545661ef9c73175c53e04a4032
Dec 02 10:57:59.880 INFO running `"docker" "start" "-a" "66947a1d934fc5829f6a0ca3778be1d948f116545661ef9c73175c53e04a4032"`
Dec 02 10:58:00.520 INFO [stderr] usermod: no changes
Dec 02 10:58:00.584 INFO [stderr]    Compiling winapi v0.3.6
Dec 02 10:58:00.585 INFO [stderr]    Compiling winlog v0.2.1 (/source)
Dec 02 10:58:02.667 INFO [stderr]    Compiling winreg v0.5.1
Dec 02 10:58:03.187 INFO [stderr] error[E0433]: failed to resolve: could not find `windows` in `os`
Dec 02 10:58:03.187 INFO [stderr]    --> /cargo-home/registry/src/github.com-1ecc6299db9ec823/winreg-0.5.1/src/lib.rs:103:14
Dec 02 10:58:03.187 INFO [stderr]     |
Dec 02 10:58:03.187 INFO [stderr] 103 | use std::os::windows::ffi::OsStrExt;
Dec 02 10:58:03.187 INFO [stderr]     |              ^^^^^^^ could not find `windows` in `os`
Dec 02 10:58:03.187 INFO [stderr] 
Dec 02 10:58:03.187 INFO [stderr] error[E0433]: failed to resolve: could not find `shared` in `winapi`
Dec 02 10:58:03.187 INFO [stderr]    --> /cargo-home/registry/src/github.com-1ecc6299db9ec823/winreg-0.5.1/src/lib.rs:107:17
Dec 02 10:58:03.187 INFO [stderr]     |
Dec 02 10:58:03.187 INFO [stderr] 107 | pub use winapi::shared::minwindef::HKEY;
Dec 02 10:58:03.187 INFO [stderr]     |                 ^^^^^^ could not find `shared` in `winapi`
Dec 02 10:58:03.187 INFO [stderr] 
Dec 02 10:58:03.187 INFO [stderr] error[E0433]: failed to resolve: could not find `shared` in `winapi`
Dec 02 10:58:03.187 INFO [stderr]    --> /cargo-home/registry/src/github.com-1ecc6299db9ec823/winreg-0.5.1/src/lib.rs:108:13
Dec 02 10:58:03.187 INFO [stderr]     |
Dec 02 10:58:03.187 INFO [stderr] 108 | use winapi::shared::minwindef::{DWORD, BYTE, LPBYTE};
Dec 02 10:58:03.187 INFO [stderr]     |             ^^^^^^ could not find `shared` in `winapi`
Dec 02 10:58:03.187 INFO [stderr] 
Dec 02 10:58:03.187 INFO [stderr] error[E0432]: unresolved import `winapi::shared`
Dec 02 10:58:03.187 INFO [stderr]    --> /cargo-home/registry/src/github.com-1ecc6299db9ec823/winreg-0.5.1/src/lib.rs:106:13
Dec 02 10:58:03.187 INFO [stderr]     |
Dec 02 10:58:03.187 INFO [stderr] 106 | use winapi::shared::winerror;
Dec 02 10:58:03.191 INFO [stderr]     |             ^^^^^^ could not find `shared` in `winapi`
Dec 02 10:58:03.191 INFO [stderr] 
Dec 02 10:58:03.191 INFO [stderr] error[E0433]: failed to resolve: could not find `um` in `winapi`
Dec 02 10:58:03.191 INFO [stderr]    --> /cargo-home/registry/src/github.com-1ecc6299db9ec823/winreg-0.5.1/src/lib.rs:109:13
Dec 02 10:58:03.191 INFO [stderr]     |
Dec 02 10:58:03.191 INFO [stderr] 109 | use winapi::um::winnt::{self, WCHAR};
Dec 02 10:58:03.191 INFO [stderr]     |             ^^ could not find `um` in `winapi`
Dec 02 10:58:03.191 INFO [stderr] 
Dec 02 10:58:03.191 INFO [stderr] error[E0432]: unresolved import `winapi::um`
Dec 02 10:58:03.191 INFO [stderr]    --> /cargo-home/registry/src/github.com-1ecc6299db9ec823/winreg-0.5.1/src/lib.rs:109:13
Dec 02 10:58:03.191 INFO [stderr]     |
Dec 02 10:58:03.191 INFO [stderr] 109 | use winapi::um::winnt::{self, WCHAR};
Dec 02 10:58:03.191 INFO [stderr]     |             ^^ could not find `um` in `winapi`
Dec 02 10:58:03.191 INFO [stderr] 
Dec 02 10:58:03.191 INFO [stderr] error[E0433]: failed to resolve: could not find `um` in `winapi`
Dec 02 10:58:03.191 INFO [stderr]  --> /cargo-home/registry/src/github.com-1ecc6299db9ec823/winreg-0.5.1/src/enums.rs:9:17
Dec 02 10:58:03.191 INFO [stderr]   |
Dec 02 10:58:03.191 INFO [stderr] 9 | pub use winapi::um::winreg::{HKEY_CLASSES_ROOT,
Dec 02 10:58:03.191 INFO [stderr]   |                 ^^ could not find `um` in `winapi`
Dec 02 10:58:03.191 INFO [stderr] 
Dec 02 10:58:03.191 INFO [stderr] error[E0433]: failed to resolve: could not find `um` in `winapi`
Dec 02 10:58:03.191 INFO [stderr]   --> /cargo-home/registry/src/github.com-1ecc6299db9ec823/winreg-0.5.1/src/enums.rs:19:17
Dec 02 10:58:03.191 INFO [stderr]    |
Dec 02 10:58:03.191 INFO [stderr] 19 | pub use winapi::um::winnt::{KEY_QUERY_VALUE,
Dec 02 10:58:03.191 INFO [stderr]    |                 ^^ could not find `um` in `winapi`
Dec 02 10:58:03.191 INFO [stderr] 
Dec 02 10:58:03.191 INFO [stderr] error[E0433]: failed to resolve: could not find `windows` in `os`
Dec 02 10:58:03.191 INFO [stderr]   --> /cargo-home/registry/src/github.com-1ecc6299db9ec823/winreg-0.5.1/src/types.rs:11:14
Dec 02 10:58:03.191 INFO [stderr]    |
Dec 02 10:58:03.191 INFO [stderr] 11 | use std::os::windows::ffi::{OsStrExt,OsStringExt};
Dec 02 10:58:03.191 INFO [stderr]    |              ^^^^^^^ could not find `windows` in `os`
Dec 02 10:58:03.191 INFO [stderr] 
Dec 02 10:58:03.191 INFO [stderr] error[E0432]: unresolved import `winapi::um`
Dec 02 10:58:03.191 INFO [stderr]    --> /cargo-home/registry/src/github.com-1ecc6299db9ec823/winreg-0.5.1/src/lib.rs:110:13
Dec 02 10:58:03.191 INFO [stderr]     |
Dec 02 10:58:03.191 INFO [stderr] 110 | use winapi::um::winreg as winapi_reg;
Dec 02 10:58:03.191 INFO [stderr]     |             ^^ could not find `um` in `winapi`
Dec 02 10:58:03.191 INFO [stderr] 
Dec 02 10:58:03.191 INFO [stderr] error[E0432]: unresolved import `super::winapi::shared`
Dec 02 10:58:03.191 INFO [stderr]   --> /cargo-home/registry/src/github.com-1ecc6299db9ec823/winreg-0.5.1/src/types.rs:12:20
Dec 02 10:58:03.191 INFO [stderr]    |
Dec 02 10:58:03.191 INFO [stderr] 12 | use super::winapi::shared::winerror;
Dec 02 10:58:03.191 INFO [stderr]    |                    ^^^^^^ could not find `shared` in `winapi`
Dec 02 10:58:03.191 INFO [stderr] 
Dec 02 10:58:03.191 INFO [stderr] error[E0433]: failed to resolve: could not find `um` in `winapi`
Dec 02 10:58:03.191 INFO [stderr]   --> /cargo-home/registry/src/github.com-1ecc6299db9ec823/winreg-0.5.1/src/enums.rs:39:29
Dec 02 10:58:03.191 INFO [stderr]    |
Dec 02 10:58:03.191 INFO [stderr] 39 |               $( $v = winapi::um::winnt::$v as isize ),*
Dec 02 10:58:03.191 INFO [stderr]    |                               ^^ could not find `um` in `winapi`
Dec 02 10:58:03.191 INFO [stderr] ...
Dec 02 10:58:03.191 INFO [stderr] 44 | / winapi_enum!(RegType, "Enumeration of possible registry value types" => [
Dec 02 10:58:03.192 INFO [stderr] 45 | | REG_NONE,
Dec 02 10:58:03.192 INFO [stderr] 46 | | REG_SZ,
Dec 02 10:58:03.192 INFO [stderr] 47 | | REG_EXPAND_SZ,
Dec 02 10:58:03.192 INFO [stderr] ...  |
Dec 02 10:58:03.192 INFO [stderr] 56 | | REG_QWORD
Dec 02 10:58:03.192 INFO [stderr] 57 | | ]);
Dec 02 10:58:03.192 INFO [stderr]    | |___- in this macro invocation
Dec 02 10:58:03.192 INFO [stderr] 
Dec 02 10:58:03.348 INFO [stderr] error[E0412]: cannot find type `DWORD` in this scope
Dec 02 10:58:03.348 INFO [stderr]    --> /cargo-home/registry/src/github.com-1ecc6299db9ec823/winreg-0.5.1/src/lib.rs:136:19
Dec 02 10:58:03.348 INFO [stderr]     |
Dec 02 10:58:03.348 INFO [stderr] 136 |     pub sub_keys: DWORD,
Dec 02 10:58:03.348 INFO [stderr]     |                   ^^^^^ not found in this scope
Dec 02 10:58:03.348 INFO [stderr] 
Dec 02 10:58:03.348 INFO [stderr] error[E0412]: cannot find type `DWORD` in this scope
Dec 02 10:58:03.348 INFO [stderr]    --> /cargo-home/registry/src/github.com-1ecc6299db9ec823/winreg-0.5.1/src/lib.rs:137:26
Dec 02 10:58:03.348 INFO [stderr]     |
Dec 02 10:58:03.348 INFO [stderr] 137 |     pub max_sub_key_len: DWORD,
Dec 02 10:58:03.348 INFO [stderr]     |                          ^^^^^ not found in this scope
Dec 02 10:58:03.348 INFO [stderr] 
Dec 02 10:58:03.348 INFO [stderr] error[E0412]: cannot find type `DWORD` in this scope
Dec 02 10:58:03.348 INFO [stderr]    --> /cargo-home/registry/src/github.com-1ecc6299db9ec823/winreg-0.5.1/src/lib.rs:138:24
Dec 02 10:58:03.348 INFO [stderr]     |
Dec 02 10:58:03.348 INFO [stderr] 138 |     pub max_class_len: DWORD,
Dec 02 10:58:03.348 INFO [stderr]     |                        ^^^^^ not found in this scope
Dec 02 10:58:03.348 INFO [stderr] 
Dec 02 10:58:03.348 INFO [stderr] error[E0412]: cannot find type `DWORD` in this scope
Dec 02 10:58:03.348 INFO [stderr]    --> /cargo-home/registry/src/github.com-1ecc6299db9ec823/winreg-0.5.1/src/lib.rs:139:17
Dec 02 10:58:03.348 INFO [stderr]     |
Dec 02 10:58:03.348 INFO [stderr] 139 |     pub values: DWORD,
Dec 02 10:58:03.348 INFO [stderr]     |                 ^^^^^ not found in this scope
Dec 02 10:58:03.348 INFO [stderr] 
Dec 02 10:58:03.348 INFO [stderr] error[E0412]: cannot find type `DWORD` in this scope
Dec 02 10:58:03.348 INFO [stderr]    --> /cargo-home/registry/src/github.com-1ecc6299db9ec823/winreg-0.5.1/src/lib.rs:140:29
Dec 02 10:58:03.348 INFO [stderr]     |
Dec 02 10:58:03.348 INFO [stderr] 140 |     pub max_value_name_len: DWORD,
Dec 02 10:58:03.348 INFO [stderr]     |                             ^^^^^ not found in this scope
Dec 02 10:58:03.348 INFO [stderr] 
Dec 02 10:58:03.348 INFO [stderr] error[E0412]: cannot find type `DWORD` in this scope
Dec 02 10:58:03.348 INFO [stderr]    --> /cargo-home/registry/src/github.com-1ecc6299db9ec823/winreg-0.5.1/src/lib.rs:141:24
Dec 02 10:58:03.348 INFO [stderr]     |
Dec 02 10:58:03.348 INFO [stderr] 141 |     pub max_value_len: DWORD,
Dec 02 10:58:03.348 INFO [stderr]     |                        ^^^^^ not found in this scope
Dec 02 10:58:03.348 INFO [stderr] 
Dec 02 10:58:03.348 INFO [stderr] error[E0412]: cannot find type `HKEY` in this scope
Dec 02 10:58:03.348 INFO [stderr]    --> /cargo-home/registry/src/github.com-1ecc6299db9ec823/winreg-0.5.1/src/lib.rs:183:11
Dec 02 10:58:03.348 INFO [stderr]     |
Dec 02 10:58:03.348 INFO [stderr] 183 |     hkey: HKEY,
Dec 02 10:58:03.348 INFO [stderr]     |           ^^^^ not found in this scope
Dec 02 10:58:03.348 INFO [stderr] 
Dec 02 10:58:03.348 INFO [stderr] error[E0412]: cannot find type `HKEY` in this scope
Dec 02 10:58:03.348 INFO [stderr]    --> /cargo-home/registry/src/github.com-1ecc6299db9ec823/winreg-0.5.1/src/lib.rs:209:25
Dec 02 10:58:03.348 INFO [stderr]     |
Dec 02 10:58:03.348 INFO [stderr] 209 |     pub fn predef(hkey: HKEY) -> RegKey {
Dec 02 10:58:03.348 INFO [stderr]     |                         ^^^^ not found in this scope
Dec 02 10:58:03.348 INFO [stderr] 
Dec 02 10:58:03.348 INFO [stderr] error[E0412]: cannot find type `HKEY` in this scope
Dec 02 10:58:03.348 INFO [stderr]    --> /cargo-home/registry/src/github.com-1ecc6299db9ec823/winreg-0.5.1/src/lib.rs:224:33
Dec 02 10:58:03.348 INFO [stderr]     |
Dec 02 10:58:03.348 INFO [stderr] 224 |     pub fn raw_handle(&self) -> HKEY {
Dec 02 10:58:03.348 INFO [stderr]     |                                 ^^^^ not found in this scope
Dec 02 10:58:03.348 INFO [stderr] 
Dec 02 10:58:03.348 INFO [stderr] error[E0425]: cannot find value `KEY_READ` in module `enums`
Dec 02 10:58:03.348 INFO [stderr]    --> /cargo-home/registry/src/github.com-1ecc6299db9ec823/winreg-0.5.1/src/lib.rs:242:50
Dec 02 10:58:03.348 INFO [stderr]     |
Dec 02 10:58:03.348 INFO [stderr] 242 |         self.open_subkey_with_flags(path, enums::KEY_READ)
Dec 02 10:58:03.349 INFO [stderr]     |                                                  ^^^^^^^^ not found in `enums`
Dec 02 10:58:03.349 INFO [stderr] 
Dec 02 10:58:03.349 INFO [stderr] error[E0412]: cannot find type `HKEY` in this scope
Dec 02 10:58:03.349 INFO [stderr]    --> /cargo-home/registry/src/github.com-1ecc6299db9ec823/winreg-0.5.1/src/lib.rs:258:27
Dec 02 10:58:03.349 INFO [stderr]     |
Dec 02 10:58:03.349 INFO [stderr] 258 |         let mut new_hkey: HKEY = ptr::null_mut();
Dec 02 10:58:03.349 INFO [stderr]     |                           ^^^^ not found in this scope
Dec 02 10:58:03.349 INFO [stderr] 
Dec 02 10:58:03.349 INFO [stderr] error[E0412]: cannot find type `DWORD` in this scope
Dec 02 10:58:03.349 INFO [stderr]    --> /cargo-home/registry/src/github.com-1ecc6299db9ec823/winreg-0.5.1/src/lib.rs:266:18
Dec 02 10:58:03.349 INFO [stderr]     |
Dec 02 10:58:03.349 INFO [stderr] 266 |             ) as DWORD
Dec 02 10:58:03.349 INFO [stderr]     |                  ^^^^^ not found in this scope
Dec 02 10:58:03.349 INFO [stderr] 
Dec 02 10:58:03.349 INFO [stderr] error[E0425]: cannot find value `KEY_ALL_ACCESS` in module `enums`
Dec 02 10:58:03.349 INFO [stderr]    --> /cargo-home/registry/src/github.com-1ecc6299db9ec823/winreg-0.5.1/src/lib.rs:317:52
Dec 02 10:58:03.349 INFO [stderr]     |
Dec 02 10:58:03.349 INFO [stderr] 317 |         self.create_subkey_with_flags(path, enums::KEY_ALL_ACCESS)
Dec 02 10:58:03.349 INFO [stderr]     |                                                    ^^^^^^^^^^^^^^ not found in `enums`
Dec 02 10:58:03.349 INFO [stderr] 
Dec 02 10:58:03.349 INFO [stderr] error[E0412]: cannot find type `HKEY` in this scope
Dec 02 10:58:03.349 INFO [stderr]    --> /cargo-home/registry/src/github.com-1ecc6299db9ec823/winreg-0.5.1/src/lib.rs:322:27
Dec 02 10:58:03.349 INFO [stderr]     |
Dec 02 10:58:03.349 INFO [stderr] 322 |         let mut new_hkey: HKEY = ptr::null_mut();
Dec 02 10:58:03.349 INFO [stderr]     |                           ^^^^ not found in this scope
Dec 02 10:58:03.349 INFO [stderr] 
Dec 02 10:58:03.349 INFO [stderr] error[E0412]: cannot find type `DWORD` in this scope
Dec 02 10:58:03.349 INFO [stderr]    --> /cargo-home/registry/src/github.com-1ecc6299db9ec823/winreg-0.5.1/src/lib.rs:323:23
Dec 02 10:58:03.349 INFO [stderr]     |
Dec 02 10:58:03.349 INFO [stderr] 323 |         let mut disp: DWORD = 0;
Dec 02 10:58:03.349 INFO [stderr]     |                       ^^^^^ not found in this scope
Dec 02 10:58:03.349 INFO [stderr] 
Dec 02 10:58:03.349 INFO [stderr] error[E0412]: cannot find type `DWORD` in this scope
Dec 02 10:58:03.349 INFO [stderr]    --> /cargo-home/registry/src/github.com-1ecc6299db9ec823/winreg-0.5.1/src/lib.rs:419:18
Dec 02 10:58:03.349 INFO [stderr]     |
Dec 02 10:58:03.349 INFO [stderr] 419 |             ) as DWORD
Dec 02 10:58:03.349 INFO [stderr]     |                  ^^^^^ not found in this scope
Dec 02 10:58:03.349 INFO [stderr] 
Dec 02 10:58:03.349 INFO [stderr] error[E0412]: cannot find type `DWORD` in this scope
Dec 02 10:58:03.349 INFO [stderr]    --> /cargo-home/registry/src/github.com-1ecc6299db9ec823/winreg-0.5.1/src/lib.rs:481:18
Dec 02 10:58:03.349 INFO [stderr]     |
Dec 02 10:58:03.349 INFO [stderr] 481 |             ) as DWORD
Dec 02 10:58:03.349 INFO [stderr]     |                  ^^^^^ not found in this scope
Dec 02 10:58:03.349 INFO [stderr] 
Dec 02 10:58:03.349 INFO [stderr] error[E0412]: cannot find type `DWORD` in this scope
Dec 02 10:58:03.349 INFO [stderr]    --> /cargo-home/registry/src/github.com-1ecc6299db9ec823/winreg-0.5.1/src/lib.rs:531:18
Dec 02 10:58:03.349 INFO [stderr]     |
Dec 02 10:58:03.349 INFO [stderr] 531 |             ) as DWORD
Dec 02 10:58:03.349 INFO [stderr]     |                  ^^^^^ not found in this scope
Dec 02 10:58:03.349 INFO [stderr] 
Dec 02 10:58:03.349 INFO [stderr] error[E0412]: cannot find type `DWORD` in this scope
Dec 02 10:58:03.349 INFO [stderr]    --> /cargo-home/registry/src/github.com-1ecc6299db9ec823/winreg-0.5.1/src/lib.rs:574:26
Dec 02 10:58:03.349 INFO [stderr]     |
Dec 02 10:58:03.349 INFO [stderr] 574 |         let mut buf_len: DWORD = 2048;
Dec 02 10:58:03.349 INFO [stderr]     |                          ^^^^^ not found in this scope
Dec 02 10:58:03.349 INFO [stderr] 
Dec 02 10:58:03.349 INFO [stderr] error[E0412]: cannot find type `DWORD` in this scope
Dec 02 10:58:03.349 INFO [stderr]    --> /cargo-home/registry/src/github.com-1ecc6299db9ec823/winreg-0.5.1/src/lib.rs:575:27
Dec 02 10:58:03.349 INFO [stderr]     |
Dec 02 10:58:03.349 INFO [stderr] 575 |         let mut buf_type: DWORD = 0;
Dec 02 10:58:03.349 INFO [stderr]     |                           ^^^^^ not found in this scope
Dec 02 10:58:03.349 INFO [stderr] 
Dec 02 10:58:03.349 INFO [stderr] error[E0412]: cannot find type `LPBYTE` in this scope
Dec 02 10:58:03.349 INFO [stderr]    --> /cargo-home/registry/src/github.com-1ecc6299db9ec823/winreg-0.5.1/src/lib.rs:584:41
Dec 02 10:58:03.349 INFO [stderr]     |
Dec 02 10:58:03.349 INFO [stderr] 584 |                     buf.as_mut_ptr() as LPBYTE,
Dec 02 10:58:03.349 INFO [stderr]     |                                         ^^^^^^ not found in this scope
Dec 02 10:58:03.349 INFO [stderr] 
Dec 02 10:58:03.349 INFO [stderr] error[E0412]: cannot find type `DWORD` in this scope
Dec 02 10:58:03.349 INFO [stderr]    --> /cargo-home/registry/src/github.com-1ecc6299db9ec823/winreg-0.5.1/src/lib.rs:586:22
Dec 02 10:58:03.349 INFO [stderr]     |
Dec 02 10:58:03.349 INFO [stderr] 586 |                 ) as DWORD
Dec 02 10:58:03.349 INFO [stderr]     |                      ^^^^^ not found in this scope
Dec 02 10:58:03.349 INFO [stderr] 
Dec 02 10:58:03.349 INFO [stderr] error[E0412]: cannot find type `DWORD` in this scope
Dec 02 10:58:03.349 INFO [stderr]    --> /cargo-home/registry/src/github.com-1ecc6299db9ec823/winreg-0.5.1/src/lib.rs:640:40
Dec 02 10:58:03.349 INFO [stderr]     |
Dec 02 10:58:03.349 INFO [stderr] 640 |         let t = value.vtype.clone() as DWORD;
Dec 02 10:58:03.349 INFO [stderr]     |                                        ^^^^^ not found in this scope
Dec 02 10:58:03.349 INFO [stderr] 
Dec 02 10:58:03.349 INFO [stderr] error[E0412]: cannot find type `BYTE` in this scope
Dec 02 10:58:03.349 INFO [stderr]    --> /cargo-home/registry/src/github.com-1ecc6299db9ec823/winreg-0.5.1/src/lib.rs:647:48
Dec 02 10:58:03.349 INFO [stderr]     |
Dec 02 10:58:03.349 INFO [stderr] 647 |                 value.bytes.as_ptr() as *const BYTE,
Dec 02 10:58:03.349 INFO [stderr]     |                                                ^^^^ not found in this scope
Dec 02 10:58:03.349 INFO [stderr] 
Dec 02 10:58:03.349 INFO [stderr] error[E0412]: cannot find type `DWORD` in this scope
Dec 02 10:58:03.350 INFO [stderr]    --> /cargo-home/registry/src/github.com-1ecc6299db9ec823/winreg-0.5.1/src/lib.rs:649:18
Dec 02 10:58:03.350 INFO [stderr]     |
Dec 02 10:58:03.350 INFO [stderr] 649 |             ) as DWORD
Dec 02 10:58:03.350 INFO [stderr]     |                  ^^^^^ not found in this scope
Dec 02 10:58:03.350 INFO [stderr] 
Dec 02 10:58:03.350 INFO [stderr] error[E0412]: cannot find type `DWORD` in this scope
Dec 02 10:58:03.350 INFO [stderr]    --> /cargo-home/registry/src/github.com-1ecc6299db9ec823/winreg-0.5.1/src/lib.rs:674:18
Dec 02 10:58:03.350 INFO [stderr]     |
Dec 02 10:58:03.350 INFO [stderr] 674 |             ) as DWORD
Dec 02 10:58:03.350 INFO [stderr]     |                  ^^^^^ not found in this scope
Dec 02 10:58:03.350 INFO [stderr] 
Dec 02 10:58:03.350 INFO [stderr] error[E0425]: cannot find value `HKEY_CLASSES_ROOT` in module `enums`
Dec 02 10:58:03.350 INFO [stderr]    --> /cargo-home/registry/src/github.com-1ecc6299db9ec823/winreg-0.5.1/src/lib.rs:775:32
Dec 02 10:58:03.350 INFO [stderr]     |
Dec 02 10:58:03.350 INFO [stderr] 775 |         if self.hkey >= enums::HKEY_CLASSES_ROOT { return Ok(()) };
Dec 02 10:58:03.350 INFO [stderr]     |                                ^^^^^^^^^^^^^^^^^ not found in `enums`
Dec 02 10:58:03.350 INFO [stderr] 
Dec 02 10:58:03.350 INFO [stderr] error[E0412]: cannot find type `DWORD` in this scope
Dec 02 10:58:03.350 INFO [stderr]    --> /cargo-home/registry/src/github.com-1ecc6299db9ec823/winreg-0.5.1/src/lib.rs:777:51
Dec 02 10:58:03.350 INFO [stderr]     |
Dec 02 10:58:03.350 INFO [stderr] 777 |             winapi_reg::RegCloseKey(self.hkey) as DWORD
Dec 02 10:58:03.350 INFO [stderr]     |                                                   ^^^^^ not found in this scope
Dec 02 10:58:03.350 INFO [stderr] 
Dec 02 10:58:03.350 INFO [stderr] error[E0412]: cannot find type `DWORD` in this scope
Dec 02 10:58:03.350 INFO [stderr]    --> /cargo-home/registry/src/github.com-1ecc6299db9ec823/winreg-0.5.1/src/lib.rs:784:31
Dec 02 10:58:03.350 INFO [stderr]     |
Dec 02 10:58:03.350 INFO [stderr] 784 |     fn enum_key(&self, index: DWORD) -> Option<io::Result<String>> {
Dec 02 10:58:03.350 INFO [stderr]     |                               ^^^^^ not found in this scope
Dec 02 10:58:03.350 INFO [stderr] 
Dec 02 10:58:03.350 INFO [stderr] error[E0412]: cannot find type `WCHAR` in this scope
Dec 02 10:58:03.350 INFO [stderr]    --> /cargo-home/registry/src/github.com-1ecc6299db9ec823/winreg-0.5.1/src/lib.rs:786:30
Dec 02 10:58:03.350 INFO [stderr]     |
Dec 02 10:58:03.350 INFO [stderr] 786 |         let mut name = [0 as WCHAR; 2048];
Dec 02 10:58:03.350 INFO [stderr]     |                              ^^^^^ not found in this scope
Dec 02 10:58:03.350 INFO [stderr] 
Dec 02 10:58:03.350 INFO [stderr] error[E0412]: cannot find type `DWORD` in this scope
Dec 02 10:58:03.350 INFO [stderr]    --> /cargo-home/registry/src/github.com-1ecc6299db9ec823/winreg-0.5.1/src/lib.rs:797:18
Dec 02 10:58:03.350 INFO [stderr]     |
Dec 02 10:58:03.350 INFO [stderr] 797 |             ) as DWORD
Dec 02 10:58:03.350 INFO [stderr]     |                  ^^^^^ not found in this scope
Dec 02 10:58:03.350 INFO [stderr] 
Dec 02 10:58:03.350 INFO [stderr] error[E0412]: cannot find type `DWORD` in this scope
Dec 02 10:58:03.350 INFO [stderr]    --> /cargo-home/registry/src/github.com-1ecc6299db9ec823/winreg-0.5.1/src/lib.rs:812:33
Dec 02 10:58:03.350 INFO [stderr]     |
Dec 02 10:58:03.350 INFO [stderr] 812 |     fn enum_value(&self, index: DWORD) -> Option<io::Result<(String, RegValue)>> {
Dec 02 10:58:03.350 INFO [stderr]     |                                 ^^^^^ not found in this scope
Dec 02 10:58:03.350 INFO [stderr] 
Dec 02 10:58:03.350 INFO [stderr] error[E0412]: cannot find type `WCHAR` in this scope
Dec 02 10:58:03.350 INFO [stderr]    --> /cargo-home/registry/src/github.com-1ecc6299db9ec823/winreg-0.5.1/src/lib.rs:814:30
Dec 02 10:58:03.350 INFO [stderr]     |
Dec 02 10:58:03.350 INFO [stderr] 814 |         let mut name = [0 as WCHAR; 2048];
Dec 02 10:58:03.350 INFO [stderr]     |                              ^^^^^ not found in this scope
Dec 02 10:58:03.350 INFO [stderr] 
Dec 02 10:58:03.350 INFO [stderr] error[E0412]: cannot find type `DWORD` in this scope
Dec 02 10:58:03.350 INFO [stderr]    --> /cargo-home/registry/src/github.com-1ecc6299db9ec823/winreg-0.5.1/src/lib.rs:816:26
Dec 02 10:58:03.350 INFO [stderr]     |
Dec 02 10:58:03.350 INFO [stderr] 816 |         let mut buf_len: DWORD = 2048;
Dec 02 10:58:03.350 INFO [stderr]     |                          ^^^^^ not found in this scope
Dec 02 10:58:03.350 INFO [stderr] 
Dec 02 10:58:03.350 INFO [stderr] error[E0412]: cannot find type `DWORD` in this scope
Dec 02 10:58:03.350 INFO [stderr]    --> /cargo-home/registry/src/github.com-1ecc6299db9ec823/winreg-0.5.1/src/lib.rs:817:27
Dec 02 10:58:03.350 INFO [stderr]     |
Dec 02 10:58:03.350 INFO [stderr] 817 |         let mut buf_type: DWORD = 0;
Dec 02 10:58:03.350 INFO [stderr]     |                           ^^^^^ not found in this scope
Dec 02 10:58:03.350 INFO [stderr] 
Dec 02 10:58:03.350 INFO [stderr] error[E0412]: cannot find type `LPBYTE` in this scope
Dec 02 10:58:03.350 INFO [stderr]    --> /cargo-home/registry/src/github.com-1ecc6299db9ec823/winreg-0.5.1/src/lib.rs:828:41
Dec 02 10:58:03.350 INFO [stderr]     |
Dec 02 10:58:03.350 INFO [stderr] 828 |                     buf.as_mut_ptr() as LPBYTE,
Dec 02 10:58:03.350 INFO [stderr]     |                                         ^^^^^^ not found in this scope
Dec 02 10:58:03.351 INFO [stderr] 
Dec 02 10:58:03.351 INFO [stderr] error[E0412]: cannot find type `DWORD` in this scope
Dec 02 10:58:03.351 INFO [stderr]    --> /cargo-home/registry/src/github.com-1ecc6299db9ec823/winreg-0.5.1/src/lib.rs:830:22
Dec 02 10:58:03.351 INFO [stderr]     |
Dec 02 10:58:03.351 INFO [stderr] 830 |                 ) as DWORD
Dec 02 10:58:03.351 INFO [stderr]     |                      ^^^^^ not found in this scope
Dec 02 10:58:03.351 INFO [stderr] 
Dec 02 10:58:03.351 INFO [stderr] error[E0412]: cannot find type `DWORD` in this scope
Dec 02 10:58:03.351 INFO [stderr]    --> /cargo-home/registry/src/github.com-1ecc6299db9ec823/winreg-0.5.1/src/lib.rs:866:12
Dec 02 10:58:03.351 INFO [stderr]     |
Dec 02 10:58:03.351 INFO [stderr] 866 |     index: DWORD,
Dec 02 10:58:03.351 INFO [stderr]     |            ^^^^^ not found in this scope
Dec 02 10:58:03.351 INFO [stderr] 
Dec 02 10:58:03.351 INFO [stderr] error[E0412]: cannot find type `DWORD` in this scope
Dec 02 10:58:03.351 INFO [stderr]    --> /cargo-home/registry/src/github.com-1ecc6299db9ec823/winreg-0.5.1/src/lib.rs:886:12
Dec 02 10:58:03.351 INFO [stderr]     |
Dec 02 10:58:03.351 INFO [stderr] 886 |     index: DWORD,
Dec 02 10:58:03.351 INFO [stderr]     |            ^^^^^ not found in this scope
Dec 02 10:58:03.351 INFO [stderr] 
Dec 02 10:58:03.459 INFO [stderr] error[E0599]: no method named `encode_wide` found for type `&std::ffi::OsStr` in the current scope
Dec 02 10:58:03.459 INFO [stderr]    --> /cargo-home/registry/src/github.com-1ecc6299db9ec823/winreg-0.5.1/src/lib.rs:904:16
Dec 02 10:58:03.459 INFO [stderr]     |
Dec 02 10:58:03.459 INFO [stderr] 904 |     s.as_ref().encode_wide().chain(Some(0).into_iter()).collect()
Dec 02 10:58:03.459 INFO [stderr]     |                ^^^^^^^^^^^
Dec 02 10:58:03.459 INFO [stderr] 
Dec 02 10:58:03.469 INFO [stderr] error[E0599]: no function or associated item named `from_wide` found for type `std::ffi::OsString` in the current scope
Dec 02 10:58:03.469 INFO [stderr]   --> /cargo-home/registry/src/github.com-1ecc6299db9ec823/winreg-0.5.1/src/types.rs:54:25
Dec 02 10:58:03.469 INFO [stderr]    |
Dec 02 10:58:03.469 INFO [stderr] 54 |                 let s = OsString::from_wide(words);
Dec 02 10:58:03.469 INFO [stderr]    |                         ^^^^^^^^^^^^^^^^^^^ function or associated item not found in `std::ffi::OsString`
Dec 02 10:58:03.469 INFO [stderr] 
Dec 02 10:58:03.473 INFO [stderr] error[E0599]: no method named `encode_wide` found for type `&&'a std::ffi::OsStr` in the current scope
Dec 02 10:58:03.473 INFO [stderr]    --> /cargo-home/registry/src/github.com-1ecc6299db9ec823/winreg-0.5.1/src/types.rs:113:37
Dec 02 10:58:03.473 INFO [stderr]     |
Dec 02 10:58:03.473 INFO [stderr] 113 |             bytes: v16_to_v8(&(self.encode_wide().collect::<Vec<_>>())),
Dec 02 10:58:03.473 INFO [stderr]     |                                     ^^^^^^^^^^^
Dec 02 10:58:03.473 INFO [stderr] 
Dec 02 10:58:03.478 INFO [stderr] error: aborting due to 54 previous errors
Dec 02 10:58:03.478 INFO [stderr] 
Dec 02 10:58:03.478 INFO [stderr] Some errors occurred: E0412, E0425, E0432, E0433, E0599.
Dec 02 10:58:03.478 INFO [stderr] For more information about an error, try `rustc --explain E0412`.
Dec 02 10:58:03.487 INFO [stderr] error: Could not compile `winreg`.
Dec 02 10:58:03.487 INFO [stderr] 
Dec 02 10:58:03.487 INFO [stderr] To learn more, run the command again with --verbose.
Dec 02 10:58:03.489 INFO [stderr] su: No module specific data is present
Dec 02 10:58:03.940 INFO running `"docker" "inspect" "66947a1d934fc5829f6a0ca3778be1d948f116545661ef9c73175c53e04a4032"`
Dec 02 10:58:04.034 INFO running `"docker" "rm" "-f" "66947a1d934fc5829f6a0ca3778be1d948f116545661ef9c73175c53e04a4032"`
Dec 02 10:58:04.195 INFO [stdout] 66947a1d934fc5829f6a0ca3778be1d948f116545661ef9c73175c53e04a4032
